base 16.
6e
-2240 (base 5) to base 11
-271
-650 (base 16) to base 5
-22431
Convert 321 (base 12) to base 11.
386
13782 (base 11) to base 15
5beb
What is -2833 (base 12) in base 7?
-16356
-540 (base 8) to base 12
-254
-384a (base 13) to base 14
-2cbb
What is 12131001 (base 4) in base 5?
1321213
43a7 (base 11) to base 15
1abe
Convert 8bb6 (base 12) to base 3.
210022210
What is -14610 (base 13) in base 15?
-b586
Convert -11150 (base 6) to base 14.
-80a
Convert 115142 (base 6) to base 10.
10214
What is 38616 (base 9) in base 12?
13080
Convert 17a60 (base 13) to base 14.
1292c
Convert -37a1 (base 11) to base 7.
-20302
What is 792 (base 16) in base 14?
9c6
What is -101100000010110 (base 2) in base 5?
-1210200
What is -430 (base 6) in base 12?
-116
What is 554 (base 11) in base 16?
298
612 (base 10) to base 7
1533
What is -2235 (base 10) in base 4?
-202323
Convert 11bb (base 12) to base 3.
2202122
Convert -2103103 (base 5) to base 3.
-1202201002
Convert -2a715 (base 11) to base 4.
-22212333
Convert -112022121 (base 4) to base 14.
-25121
91e (base 16) to base 14
bca
-20347 (base 10) to base 8
-47573
What is 101212 (base 3) in base 8?
445
Convert -242133 (base 5) to base 4.
-2031103
Convert -10000011100 (base 2) to base 6.
-4512
What is 9427 (base 11) in base 7?
51264
Convert 13223 (base 5) to base 9.
1411
Convert -1351332 (base 6) to base 15.
-17b58
-1110101220 (base 3) to base 10
-28725
What is 1327 (base 9) in base 5?
12442
Convert 29b (base 13) to base 11.
394
Convert 126 (base 9) to base 4.
1221
What is 6376 (base 8) in base 6?
23222
What is 32440 (base 5) in base 12?
1371
-113310 (base 4) to base 13
-903
-26443 (base 7) to base 5
-211322
What is -1040 (base 6) in base 3?
-22220
What is -197 (base 11) in base 5?
-1402
-224203 (base 5) to base 16
-1f75
-47 (base 15) to base 8
-103
Convert 1221402 (base 5) to base 15.
6dbc
What is 45035 (base 7) in base 16?
2c51
Convert -1010 (base 5) to base 2.
-10000010
What is -590b (base 12) in base 2?
-10011011011011
Convert 1303 (base 6) to base 16.
147
What is -3a4 (base 15) in base 7?
-2263
Convert -13288 (base 9) to base 14.
-33c2
Convert 30320 (base 5) to base 7.
5500
-1011011011110 (base 2) to base 16
-16de
Convert -2132 (base 4) to base 11.
-134
What is -115376 (base 8) in base 14?
-10662
What is -101000011 (base 2) in base 6?
-1255
What is 2744 (base 13) in base 9?
7648
Convert -1710 (base 8) to base 3.
-1022212
3ec (base 16) to base 14
51a
Convert aa (base 15) to base 9.
187
-1000101 (base 3) to base 13
-44b
2322102 (base 4) to base 7
46521
What is 2085 (base 9) in base 2?
10111111111
What is 627 (base 9) in base 10?
511
What is -59b5 (base 12) in base 10?
-10073
What is -13866 (base 9) in base 14?
-3636
33a9 (base 13) to base 12
4231
What is b6 (base 15) in base 14?
c3
Convert -111111101110 (base 2) to base 9.
-5531
1110321 (base 4) to base 16
1539
65e (base 15) to base 9
1868
-4ab (base 12) to base 11
-593
-10045 (base 6) to base 8
-2455
Convert -10536 (base 9) to base 10.
-6999
-1731 (base 9) to base 4
-110230
What is 10410 (base 5) in base 14?
3a2
Convert -77245 (base 8) to base 2.
-111111010100101
What is -433220 (base 6) in base 13?
-13350
2447 (base 16) to base 14
3555
Convert -7a4b (base 14) to base 8.
-51363
What is 2122 (base 7) in base 3?
1000211
What is cc5 (base 14) in base 8?
4735
Convert -132 (base 13) to base 16.
-d2
What is -10124 (base 7) in base 16?
-9a4
-281 (base 14) to base 16
-1f9
-2010 (base 6) to base 13
-279
What is -450 (base 12) in base 3?
-212120
What is 111450 (base 7) in base 5?
1113112
What is 545 (base 10) in base 6?
2305
4526 (base 9) to base 15
ed0
Convert -134 (base 13) to base 6.
-552
What is 5050 (base 6) in base 14?
594
What is 232 (base 9) in base 5?
1231
8850 (base 16) to base 11
24244
110010100 (base 2) to base 7
1115
3203 (base 5) to base 12
2b8
1000010010 (base 2) to base 7
1355
Convert 1000201200 (base 3) to base 15.
5ec9
111110 (base 3) to base 11
300
Convert -1100010110100 (base 2) to base 10.
-6324
What is -113212 (base 4) in base 12?
-a5a
Convert 236 (base 14) to base 12.
308
What is 2a24 (base 13) in base 12?
3656
Convert 1010011 (base 2) to base 4.
1103
Convert -305 (base 7) to base 3.
-12122
-331 (base 5) to base 14
-67
What is -202301 (base 7) in base 16?
-8690
29 (base 13) to base 8
43
What is -3875 (base 11) in base 15?
-1763
Convert -113112 (base 4) to base 10.
-1494
9297 (base 11) to base 16
3027
What is 146f (base 16) in base 14?
1c99
What is -1127 (base 10) in base 11?
-935
-2958 (base 11) to base 15
-11e4
What is -1496 (base 15) in base 11?
-3355
Convert -5153 (base 10) to base 14.
-1c41
3a2 (base 15) to base 5
11302
-1110000 (base 3) to base 7
-3033
What is -3313 (base 7) in base 5?
-14221
Convert 22a (base 14) to base 9.
527
14642 (base 7) to base 11
3095
-31543 (base 6) to base 8
-10327
17c7b (base 13) to base 15
d9b5
Convert -620 (base 9) to base 16.
-1f8
-9b0 (base 15) to base 7
-6246
-1120102 (base 3) to base 14
-5bb
-1467b (base 12) to base 13
-10037
Convert -2a2 (base 11) to base 12.
-256
Convert 339 (base 14) to base 13.
3a2
Convert -8338 (base 10) to base 3.
-102102211
3028 (base 11) to base 5
112043
Convert 164 (base 12) to base 5.
1340
What is -10100 (base 6) in base 4?
-110310
11220202 (base 4) to base 6
254454
What is 656a (base 12) in base 6?
123414
Convert -a7 (base 13) to base 12.
-b5
Convert 1000011122 (base 3) to base 14.
730c
a1 (base 11) to base 15
76
Convert 4591 (base 14) to base 6.
131535
Convert 18846 (base 10) to base 5.
1100341
Convert -3212 (base 10) to base 3.
-11101222
What is -64af (base 16) in base 13?
-b969
-20031 (base 9) to base 2
-11001101011110
Convert -25157 (base 8) to base 7.
-43446
Convert 627 (base 13) to base 11.
872
What is -74 (base 10) in base 14?
-54
What is 210022111 (base 3) in base 4?
3302302
Convert -2021 (base 6) to base 15.
-1ea
Convert -11114 (base 7) to base 2.
-101011110100
What is 2440204 (base 5) in base 9?
70458
Convert -38751 (base 9) to base 5.
-1314003
11110111011 (base 2) to base 13
b93
-209 (base 16) to base 8
-1011
Convert -9039 (base 15) to base 7.
-154500
31121 (base 6) to base 12
24a1
-20323 (base 4) to base 11
-47a
Convert -5b1 (base 12) to base 14.
-44d
What is 34002 (base 7) in base 4?
2012001
727 (base 10) to base 3
222221
What is 51156 (base 7) in base 8?
30226
-2763 (base 11) to base 9
-4815
3185 (base 10) to base 6
22425
What is -334 (base 7) in base 8?
-254
Convert 1aa6 (base 13) to base 12.
23b3
What is 475 (base 13) in base 12?
544
Convert 8031 (base 9) to base 4.
1123210
-3919 (base 10) to base 3
-12101011
What is 234113 (base 5) in base 2?
10000111010010
Convert 2a59 (base 15) to base 8.
21574
Convert 1b49 (base 14) to base 13.
234c
Convert -1443 (base 8) to base 16.
-323
-2341 (base 5) to base 14
-1aa
1544 (base 9) to base 7
3265
What is -aa (base 16) in base 15?
-b5
Convert 1c6 (base 13) to base 15.
171
What is 315 (base 16) in base 13?
489
246 (base 16) to base 11
48a
Convert 1110 (base 8) to base 2.
1001001000
-920c (base 13) to base 8
-47233
Convert -83 (base 12) to base 15.
-69
What is 28c (base 15) in base 7?
1461
Convert 93 (base 13) to base 7.
231
Convert -10776 (base 8) to base 4.
-1013332
What is 1082 (base 10) in base 14?
574
2412 (base 9) to base 7
5141
What is -b6 (base 13) in base 14?
-a9
Convert 566 (base 11) to base 14.
365
Convert 3e10 (base 15) to base 2.
11001111101010
-62742 (base 8) to base 9
-38700
Convert 326421 (base 7) to base 13.
20226
954a (base 11) to base 12
7392
Convert -694 (base 11) to base 6.
-3501
What is -83a (base 16) in base 3?
-2220000
-2430 (base 9) to base 8
-3421
What is -15043 (base 6) in base 3?
-10022000
Convert -5647 (base 11) to base 14.
-29cc
Convert 214121 (base 5) to base 9.
11144
10213320 (base 4) to base 5
1101221
What is 44234 (base 6) in base 11?
4684
What is -46c (base 15) in base 3?
-1101010
What is -693 (base 12) in base 14?
-4d9
What is -2504 (base 10) in base 2?
-100111001000
What is -432 (base 10) in base 9?
-530
What is -187 (base 12) in base 4?
-3313
1000101101110000 (base 2) to base 9
53862
What is -222010 (base 5) in base 7?
-31416
Convert -3202 (base 5) to base 11.
-359
-2440 (base 9) to base 5
-24233
What is -1633 (base 7) in base 11?
-551
Convert -101110101101 (base 2) to base 8.
-5655
Convert 